 Let t(r) = -6*r**3 - 12*r**2 + r + 6. Let k(v) = 5*m(v) - 6*t(v). What is k(-2)?
-49
Let g(s) be the second derivative of s**5/20 + s**4/3 - 2*s**3 - 21*s**2/2 + 19*s - 34. Determine g(-5).
14
Suppose -5*h = -3*b - 9, 4*h - 12 - 2 = -b. Let y(a) = a**3 - 5*a**2 + 7*a - 9. Calculate y(h).
-6
Suppose 20*q + 4*x = 21*q - 44, -5*q + 4*x = -220. Let p(f) = -f**3 + 38*f**2 + 264*f + 1. Determine p(q).
1
Let r(f) = -f**2 + f - 2. Let o(h) = 7 + 10*h**2 - 2 + 10*h**2 - 14*h**2 - 15*h + 13. Let a(l) = o(l) + 5*r(l). Give a(6).
-16
Let m(r) be the third derivative of -r**4/12 - 5*r**3/6 - 811*r**2 - r. Suppose -c + 5*a - 8 = 7, -15 = -4*c - 5*a. Give m(c).
-5
Suppose -2*t = 3*f - 4*t - 193, -195 = -3*f + 3*t. Let d be 27/(-6) + f/(-42). Let l(a) = a**2 + 11*a + 6. Determine l(d).
-24
Let y(a) = -a**3 - 9*a**2 - a + 17. Let x = 550 - 558. What is y(x)?
-39
Let n(x) = x - 6. Let p(o) = -o**3 - 20*o**2 + 18*o - 69. Let j be p(-21). Let l(q) = -3*q + 7. Let i(t) = j*n(t) - 5*l(t). What is i(1)?
10
Suppose -33*y + 220*y + 790 = 42. Let b(s) be the third derivative of -s**4/24 + s**3/2 + 11*s**2. What is b(y)?
7
Let o(y) = 4*y**3 + 13*y**2 + 14*y + 85. Let w(a) = a**3 + 3*a**2 + 3*a + 21. Let f(n) = -6*o(n) + 25*w(n). Calculate f(3).
-12
Suppose 77*d - 3*b = 75*d + 2, 0 = 5*d - 4*b - 19. Let z = -2 + 2. Let t(u) = -u + 3 + 0 + z*u. What is t(d)?
-4
Let n(q) be the first derivative of q**2/2 - 20*q - 49. Calculate n(21).
1
Let y = 410 - 406. Suppose 2*i - 4 = 4*r + 20, -r + 39 = y*i. Let w(q) = 5*q - 6. Give w(i).
44
Let u(x) = 142*x. Let r(l) = 61*l + 1. Let b(g) = 7*r(g) - 3*u(g). What is b(10)?
17
Let a(z) = -670*z - 29 + 1350*z - 693*z. Calculate a(-3).
10
Let y(h) be the second derivative of h**5/20 - 11*h**4/12 + 19*h**3/6 - 8*h - 352. Determine y(9).
9
Let j(v) = v**3 + 2*v**2 - v - 2. Let r(p) = p**2 + 7*p - 1. Let o be r(-11). Suppose o = -6*z + 31. Determine j(z).
0
Suppose 15*c = 10 + 50. Let o(x) = -3*x**3 - 2*x**3 - 3*x**2 + 6*x**3 + 8*x**2 + 6 - c*x. Calculate o(-6).
-6
Let x(m) = -11*m**2 - 38*m + 303. Let a(v) = 5*v**2 + 18*v - 139. Let y(p) = 13*a(p) + 6*x(p). Give y(7).
4
Let m be (-580)/(-17) + (-14)/119. Let c(n) be the first derivative of 16*n - m - 9*n - 9*n - 2*n**2. Calculate c(2).
-10
Suppose 379*i = 370*i + 18. Let j(z) = 349*z**i - 6 - 348*z**2 + 9*z - 3*z. Determine j(-5).
-11
Let k(x) = x**2 - 3*x - 2. Let i be 1980/(-504) - (4 + 165/(-42)). What is k(i)?
26
Let y(u) = -u**2 + 9*u + 3. Let a(k) = -3*k**2 + 20*k + 7. Let m(z) = -2*a(z) + 5*y(z). Suppose 0 = 4*d + x + 2*x + 7, 0 = -3*d - x - 9. Calculate m(d).
-3
Let y(w) be the third derivative of w**6/360 + w**5/20 + w**4/8 + 22*w**3 - 124*w**2. Let h(r) be the first derivative of y(r). Determine h(-8).
19
Suppose 0 = 2*r + 4*c - 14, -155*r = -151*r + 5*c - 25. Let t(p) = 8*p + 10. Determine t(r).
50
Let o(t) = t**3 - 19*t**2 + 5*t. Let c(n) = 4*n**3 - 66*n**2 + 16*n - 1. Let q(a) = -2*c(a) + 7*o(a). Let f(s) = -s**2 + 8*s - 9. Let x be f(7). Determine q(x).
0
Suppose 281*n - 476 = 648. Let z(v) be the first derivative of -v**4/4 + 4*v**3/3 + v**2 + 1. What is z(n)?
8
Let z(t) be the third derivative of -t**5/60 - t**4/24 - 44*t**3/3 - 511*t**2 - 2*t. Determine z(0).
-88
Let j(m) = -27*m**3 - 10*m**2 + 18*m - 9. Let c(b) = -29*b**3 - 8*b**2 + 15*b - 8. Let o(q) = 5*c(q) - 4*j(q). Calculate o(1).
-38
Let u be (8/6)/((-24)/36). Let q(w) = 3 - 1888*w + 3792*w - 1896*w. Calculate q(u).
-13
Let m(k) = -k**3 + 3*k**2 + 3. Let o be m(3). Let u(d) = -2*d**2 - 4*d. Let z(a) = 20*a**2 + 46*a - 3. Let l(y) = 11*u(y) + z(y). Give l(o).
-15
Let n(i) = 4*i - 4. Let g be 1*((-3)/(-3))/((-1)/5). Let z be g/((-2)/(-10*1)). Let x = -22 - z. Calculate n(x).
8
Let l(y) = -98*y - 61*y - 52*y + 12 + 212*y + 2. Calculate l(-9).
5
Let p(d) = -d**2 - 5*d - 1. Let z(y) = -5*y + 4*y + 8*y + y**2 - 4. Let m(w) = -2*w**3 + 52*w**2 - 51*w + 18. Let h be m(25). Let a be z(h). Give p(a).
3
Let n(u) = -4*u + 27. Let f be 16 - (5 - (13 - 17)). Give n(f).
-1
Let g(a) = a + 2. Let u(t) = -2*t - 5. Let q(n) = 5*g(n) + 3*u(n). Let v be (2 - 5/((-5)/(-12))) + -92 + 98. Calculate q(v).
-1
Let c(m) = -m**3 + 8*m**2 + 9*m + 6. Suppose -20243*p + 90 = -20233*p. What is c(p)?
6
Let i be -11 + 19 + -11 + (7 - 0). Let h(k) = k**2 - 7*k + 13. Give h(i).
1
Let z(p) = -5*p + 9. Let s(h) = 23*h - 37. Let t = 5 + -14. Let w(l) = t*z(l) - 2*s(l). What is w(-8)?
1
Let z(l) = 29 - 9 + 15 - 12*l + 7. Let q be z(3). Let m(f) = -4*f + 9. What is m(q)?
-15
Let m(h) = h**3 - 3*h**2 - 3*h - 2. Suppose 4*z - z - 261 = 0. Suppose -5*p - 421 = 2*k, 0*k = 3*k + 9. Let g = z + p. Determine m(g).
2
Let v(n) = n**3 - 12*n**2 - 55*n + 150. Let d be v(15). Let f(m) be the second derivative of 0*m**2 + d*m**3 + 1/2*m**4 + 0 + 7*m. Calculate f(1).
6
Let f be -21*6/36*2. Let b be (2/f)/((-3)/84). Let u(p) be the first derivative of -p**2 + 11*p + 4. Calculate u(b).
-5
Let s = 229 + -188. Let y(k) = -s*k - 2 + 89*k - 39*k. Determine y(-3).
-29
Let s(v) = 3*v - 75. Let w be s(25). Let p(z) = z**3 - 8*z**2 + z - 6. Let q be p(8). Let k(y) = -y**3 - 2*y**q - y + y**3 - 13 + y**3 + 3*y**2. What is k(w)?
-13
Let s(k) be the third derivative of 0*k - 21*k**2 + 0*k**3 - 2 - 1/24*k**4. What is s(-3)?
3
Let g(u) be the first derivative of 7*u**2/2 + 4*u - 1689. Give g(-4).
-24
Suppose 5*r = 3*d - 1, 0 = 2*d - 7*d - 3*r - 21. Let l(i) = 18 + 5*i + 3*i - 7 - 5 - 7*i. What is l(d)?
3
Let k(u) = -931 + 33*u + 401 - u**2 + 444 - 10*u. What is k(20)?
-26
Let p(d) = -d**2 + 2*d - 2. Let x be ((-3)/9)/((-7)/84). Let a be p(x). Let r be ((-18)/a)/(8/(-10) + 1). Let c(u) = -u**3 + 8*u**2 + 10*u - 8. What is c(r)?
1
Let z(m) = m**2 - 10*m + 8. Let j be z(9). Let f be (j + 1)*(-11)/22. Let l(t) = f + 3*t**2 - t**3 + 4*t + 1 - t**3. Give l(3).
-14
Let w(l) be the first derivative of -l**3/3 - 5*l**2/2 + 51. Let r be 3/(-9) - (-24)/(-9). What is w(r)?
6
Suppose -p - 14 = -8*p. Suppose 0*v + v + p*v = 0. Let t(f) be the third derivative of f**6/120 + f**4/24 + f**3/6 - 2*f**2. What is t(v)?
1
Let c(r) = -3*r**3 - 35*r + 14*r**2 + 18*r**2 + 2*r**3 + 8 - 22*r**2 + 8*r**2. Give c(16).
-40
Let z(q) be the first derivative of q**2/2 - q + 115. Suppose 4*k - 20 = -3*u, -5*u - 4*k + 0*k = -36. Let t = -8 + u. What is z(t)?
-1
Let d(w) = -w**3 + 15*w**2 + 30*w - 467. Let m be d(15). Let g(c) = c**2 + 20*c + 19. Determine g(m).
-32
Suppose 0 = 86*i - 631 + 459. Let f(t) be the first derivative of 1/2*t**2 + i*t + 13. Determine f(6).
8
Let a(y) = -y**2 - 4*y - 4. Let i(w) = -w**2 - 15*w + 18. Let j be i(-16). Let l(o) = 6*o**2 - 3*o - 7*o**j + 9 + 14*o. Let d be l(12). What is a(d)?
-1
Let f be -2*((-207)/18 + 13). Let t(w) = -2 + w**2 + 1 + 4 + 5*w - w**3 + 1. What is t(f)?
25
Let y(b) = 5*b + b**2 + 16*b + 17 + 7 + 1. Let c be y(-20). Let v(f) = 47*f - 25*f - c - 23*f. Calculate v(-4).
-1
Let y(m) = 0 + 4 + m - 3. Let v = 383 + -306. Let i = -74 + v. Determine y(i).
4
Let d = -12599 + 12597. Let x(b) = 7*b**2 + 13*b - 4. What is x(d)?
-2
Let b(y) be the second derivative of y**5/120 + y**4/8 + 17*y**3/2 + y**2 - 30*y. Let o(k) be the second derivative of b(k). Calculate o(8).
11
Let u be 4/(8/10) + (-4)/(-4). Suppose 4*z + 10 = -u. Let g(i) = -i**2 - 4*i - 3. Calculate g(z).
-3
Let f(m) be the first derivative of -2*m**2 + m**3 - 418*m + 420*m + 4*m**2 + 114. Determine f(-2).
6
Suppose -2*r - 2 = -5*g, -5*g + 0*g - 1 = r. Suppose g = -13*u + 8*u + 5. Let n(p) = 10*p**3 + p**2 - 2*p + 1. What is n(u)?
10
Let g(p) = -12*p + 320. Let w be ((-1)/(-2))/(2/(-4)) + -719 + 748. What is g(w)?
-16
Let l(z) = z - 5. Let j = 35 - 24. Let x(q) = -3*q - 13. Let v be x(j). Let p = v - -41. What is l(p)?
-10
Let y be ((-3)/(-3) - -7)*3/12. Suppose -y*w - 9 - 14 = 5*i, 2*i - 3*w = -13. Let l(c) be the first derivative of -c**3/3 - 3*c**2 - c - 1. What is l(i)?
4
Let p(u) = -9*u - 2. Let m be 12/2 + (35 - 33). Suppose -3*l + m = l. Determine p(l).
-20
Let j(x) = 17*x + 18*x - 38*x + 24. Let g(r) = 2. Let q(p) = -15*g(p) + j(p). What is q(-4)?
6
Let p(q) be the second derivative of q**5/20 + q**4/3 - q**3/3 - q**2/2 - 3*q. Let l(d) = d**2 - 29*d + 50. Let n = -164 - -191. Let t be l(n). Give p(t).
7
Let f(v) = -v**3 + 3*v**2 + 6*v - 2. Suppose -2*w = 2*w - 104. Let s = 30 - w. Suppose 4 = q - 5*r,